?
True
Is 993 a composite number?
True
Is 42979 a composite number?
False
Is 31013 a composite number?
False
Is 108323 a composite number?
True
Is 205129 a composite number?
False
Is 1686443 prime?
False
Is 241291 prime?
True
Is 1912121 composite?
False
Is 7477 prime?
True
Is 304579 composite?
True
Is 205967 prime?
True
Is 94513 a composite number?
False
Is 545485 composite?
True
Is 17569 composite?
False
Is 2055337 a composite number?
False
Is 887261 a composite number?
False
Is 3206051 composite?
True
Is 124741 a prime number?
False
Is 7451 prime?
True
Is 2413 a composite number?
True
Is 2333 composite?
False
Is 2567293 prime?
False
Is 15611 a prime number?
False
Is 1124477 a prime number?
False
Is 11777 prime?
True
Is 312893 a composite number?
True
Is 24997 a prime number?
False
Is 3223 a prime number?
False
Is 10883 a prime number?
True
Is 3337 prime?
False
Is 67651 prime?
True
Is 716897 composite?
False
Is 342647 a composite number?
False
Is 171293 a prime number?
True
Is 296779 prime?
False
Is 489941 prime?
True
Is 543241 a prime number?
True
Is 25873 prime?
True
Is 79601 composite?
False
Is 437123 a composite number?
True
Is 8674 composite?
True
Is 6411661 a prime number?
True
Is 52807 a prime number?
True
Is 5533 a prime number?
False
Is 489101 a prime number?
True
Is 337787 prime?
False
Is 2451143 composite?
False
Is 11917 a composite number?
True
Is 1567999 a composite number?
False
Is 108343 a composite number?
False
Is 26511 composite?
True
Is 49577 a prime number?
False
Is 209431 a composite number?
False
Is 21921 composite?
True
Is 19369 prime?
False
Is 13661 a prime number?
False
Is 416989 a prime number?
True
Is 118101 prime?
False
Is 190997 a prime number?
True
Is 20327 composite?
False
Is 8285 a composite number?
True
Is 171859 a composite number?
True
Is 1177401 prime?
False
Is 189733 composite?
False
Is 31219 a prime number?
True
Is 13799 a prime number?
True
Is 85081 composite?
False
Is 1101567 a composite number?
True
Is 5623609 composite?
False
Is 14369 prime?
True
Is 1842215 prime?
False
Is 126097 prime?
True
Is 877 a composite number?
False
Is 48907 a prime number?
True
Is 12671 a prime number?
True
Is 3011 a prime number?
True
Is 1708855 a prime number?
False
Is 16943 prime?
True
Is 43971 composite?
True
Is 9235 a composite number?
True
Is 19531 a composite number?
False
Is 10577 a composite number?
True
Is 24749 a composite number?
False
Is 320759 a prime number?
True
Is 1631 composite?
True
Is 58495 prime?
False
Is 489183 composite?
True
Is 7369 prime?
True
Is 45233 composite?
False
Is 1081 composite?
True
Is 35747 a prime number?
True
Is 103349 composite?
False
Is 5287 a prime number?
False
Is 86683 prime?
False
Is 127271 a composite number?
False
Is 12587 a composite number?
True
Is 697093 composite?
False
Is 32811 a composite number?
True
Is 164569 composite?
False
Is 18037 prime?
False
Is 8683 composite?
True
Is 75598 prime?
False
Is 7835 composite?
True
Is 294155 prime?
False
Is 356441 a composite number?
False
Is 93161 prime?
False
Is 324799 a composite number?
False
Is 110287 prime?
False
Is 404161 a composite number?
False
Is 13341 a prime number?
False
Is 70393 a composite number?
False
Is 376063 a prime number?
True
Is 130979 a prime number?
False
Is 206699 a composite number?
False
Is 5981 composite?
False
Is 262217 a composite number?
False
Is 963043 prime?
True
Is 60587 a composite number?
True
Is 8923 composite?
False
Is 21139 a prime number?
True
Is 424181 a prime number?
False
Is 35 a prime number?
False
Is 85121 composite?
False
Is 8143 a composite number?
True
Is 2203 prime?
True
Is 23431 a composite number?
False
Is 140701 composite?
True
Is 59863 prime?
True
Is 220819 a prime number?
False
Is 9089 prime?
False
Is 25406 prime?
False
Is 19078 a prime number?
False
Is 592183 composite?
True
Is 9791 a prime number?
True
Is 16183 prime?
True
Is 7061 a prime number?
False
Is 36973 prime?
True
Is 35338 a composite number?
True
Is 877 composite?
False
Is 2260045 composite?
True
Is 551261 prime?
False
Is 22285 composite?
True
Is 153379 prime?
True
Is 130415 a prime number?
False
Is 11953 a composite number?
False
Is 109 a composite number?
False
Is 71249 composite?
False
Is 32773 composite?
True
Is 3271 a composite number?
False
Is 2695906 a prime number?
False
Is 1288039 composite?
True
Is 6081 a composite number?
True
Is 11681 prime?
True
Is 11311 a prime number?
True
Is 2411 composite?
False
Is 444274 composite?
True
Is 1192645 prime?
False
Is 9017 composite?
True
Is 11789 a prime number?
True
Is 123 composite?
True
Is 83357 composite?
False
Is 650109 a prime number?
False
Is 464307 a composite number?
True
Is 547217 composite?
True
Is 3161 a composite number?
True
Is 958 a prime number?
False
Is 2827 prime?
False
Is 1082327 composite?
True
Is 1943197 prime?
True
Is 2251 composite?
False
Is 3295 composite?
True
Is 473126 composite?
True
Is 109715 a prime number?
False
Is 45947 composite?
True
Is 93417 composite?
True
Is 75037 a composite number?
False
Is 300623 a composite number?
False
Is 322343 prime?
False
Is 1690595 a composite number?
True
Is 30757 a prime number?
True
Is 1397 a composite number?
True
Is 246143 a prime number?
False
Is 3348377 a prime number?
True
Is 758593 composite?
True
Is 112831 a prime number?
True
Is 56081 composite?
False
Is 5223 a composite number?
True
Is 233679 prime?
False
Is 1549255 a prime number?
False
Is 5089 composite?
True
Is 1078399 a prime number?
False
Is 4349245 a prime number?
False
Is 690131 composite?
True
Is 80777 composite?
False
Is 154347 a composite number?
True
Is 213589 composite?
False
Is 1298981 a composite number?
False
Is 8153 a composite number?
True
Is 2833 a composite number?
False
Is 6449 a prime number?
True
Is 646099 a prime number?
True
Is 8678 composite?
True
Is 111113 composite?
True
Is 8102 a composite number?
True
Is 33343 composite?
False
Is 623717 prime?
True
Is 1861 prime?
True
Is 25282 prime?
False
Is 74959 a composite number?
False
Is 34511 prime?
True
Is 137963 prime?
False
Is 12955 composite?
True
Is 4853 a composite number?
True
Is 23429 a composite number?
True
Is 13121 a composite number?
False
Is 52385 a prime number?
False
Is 44369 a prime number?
False
Is 970279 a composite number?
False
Is 145 a prime number?
False
Is 29571 a composite number?
True
Is 118526 composite?
True
Is 1690993 a prime number?
True
Is 36111 composite?
True
Is 75149 a prime number?
True
Is 367111 a composite number?
True
Is 131873 a composite number?
True
Is 22613 prime?
True
Is 32483 composite?
True
Is 30883 a composite number?
True
Is 120799 prime?
False
Is 183587 a prime number?
True
Is 4373 a composite number?
False
Is 17777 composite?
True
Is 28459 a prime number?
False
Is 29105 a prime number?
False
Is 39917 a prime number?
False
Is 757255 composite?
True
Is 15055 a prime number?
False
Is 26759 a composite number?
False
Is 7039 a prime number?
True
Is 59611 a composite number?
False
Is 1138 prime?
False
Is 1477441 a prime number?
False
Is 9979 composite?
True
Is 985 a prime number?
False
Is 1739 composite?
True
Is 887 prime?
True
Is 77471 a composite number?
False
Is 58459 composite?
True
Is 181603 a prime number?
True
Is 13997 composite?
False
Is 659 a prime number?
True
Is 47491 prime?
True
Is 3165319 prime?
False
Is 46217 prime?
False
Is 43151 composite?
False
Is 130654 composite?
True
Is 718501 a composite number?
True
Is 31219 a composite number?
False
Is 4591 a composite number?
False
Is 51655 a prime number?
False
Is 2581 composite?
True
Is 10834 composite?
True
Is 9767 a composite number?
False
Is 8933 a prime number?
True
Is 28123 a composite number?
False
Is 343229 a prime number?
False
Is 18041 prime?
True
Is 235943 composite?
True
Is 30445 prime?
False
Is 49811 a prime number?
True
Is 254701 prime?
False
Is 26799 prime?
False
Is 917 prime?
False
Is 372379 a composite number?
True
Is 9337 prime?
True
Is 81229 composite?
True
Is 60373 composite?
False
Is 355715 a composite number?
True
Is 1837 prime?
False
Is 32917 a prime number?
True
Is 6761 a prime number?
True
Is 613841 a prime number?
True
Is 11411 a composite number?
False
Is 4717 a prime number?
False
Is 76939 composite?
True
Is 2959 prime?
False
Is 1174 prime?
False
Is 5